{"id":32,"date":"2016-09-18T00:00:40","date_gmt":"2016-09-18T00:00:40","guid":{"rendered":"http:\/\/qkthemes-demo.com\/wordpress\/construct\/?post_type=portfolio&#038;p=32"},"modified":"2017-03-01T22:03:00","modified_gmt":"2017-03-01T22:03:00","slug":"setmanamobilitatsant-cugat2016","status":"publish","type":"portfolio","link":"https:\/\/cyclolock.com\/ca\/portfolio\/setmanamobilitatsant-cugat2016\/","title":{"rendered":"Setmana de la Mobilitat de Sant Cugat 18\/09\/2016"},"content":{"rendered":"<section class=\"wpb-content-wrapper\">[vc_row][vc_column width=&#8221;7\/12&#8243;][vc_gallery interval=&#8221;3&#8243; images=&#8221;1340,1338,948&#8243; img_size=&#8221;full&#8221;][\/vc_column][vc_column width=&#8221;5\/12&#8243;][vc_column_text]\n<h2>Setmana de la Mobilitat de Sant Cugat<\/h2>\n<p>P\u00e0rquing de bicis en modalitat de servei de guarderia per facilitar la participaci\u00f3 a les activitats de la setmana de la mobilitat com la Fira de Vehicles el\u00e8ctrics, el Circuit de Karts a pedals o la Bicicletada Popular, organitzades per l\u2019Ajuntament de Sant Cugat.[\/vc_column_text][vc_raw_html]JTNDZGl2JTIwY2xhc3MlM0QlMjJwcm9qZWN0LXRhZ3MlMjIlM0UlMEElMDklM0N1bCUzRSUwQSUwOSUwOSUzQ2xpJTNFJTNDaSUyMGNsYXNzJTNEJTIyZmElMjBmYS1jYWxlbmRhciUyMiUzRSUzQyUyRmklM0UlMjAlM0NzcGFuJTNFRGF0YSUzQSUzQyUyRnNwYW4lM0UlMjAxOCUyRjA5JTJGMjAxNiUzQyUyRmxpJTNFJTBBJTA5JTA5JTNDbGklM0UlM0NpJTIwY2xhc3MlM0QlMjJmYSUyMGZhLW1hcC1tYXJrZXIlMjIlM0UlM0MlMkZpJTNFJTIwJTNDc3BhbiUzRUxvY2FsaXR6YWNpJUMzJUIzJTNBJTNDJTJGc3BhbiUzRSUyMFBsYSVDMyVBN2ElMjBkZSUyMGxhJTIwVmlsYSUyMFNhbnQlMjBDdWdhdCUzQyUyRmxpJTNFJTBBJTIwJTIwJTIwJTIwJTIwJTIwJTIwJTIwJTIwJTIwJTIwJTIwJTIwJTIwJTIwJTIwJTNDbGklM0UlM0NpJTIwY2xhc3MlM0QlMjJmYSUyMGZhLWJpY3ljbGUlMjIlM0UlM0MlMkZpJTNFJTIwJTNDc3BhbiUzRUNhcGFjaXRhdCUzQSUzQyUyRnNwYW4lM0U5NiUyMGJpY2ljbGV0ZXMlM0MlMkZsaSUzRSUwQSUwOSUzQyUyRnVsJTNFJTBBJTNDJTJGZGl2JTNF[\/vc_raw_html][\/vc_column][\/vc_row][vc_row][vc_column][vc_column_text]El passat diumenge 18 de setembre v\u00e0rem participar als actes de la Setmana de la Mobilitat Sostenible i Segura a Sant Cugat del Vall\u00e8s.<\/p>\n<p>Durant tot el mat\u00ed vam oferir el nostre\u00a0<em><strong>servei de guarderia per a bicicletes<\/strong> <\/em>per facilitar la\u00a0participaci\u00f3 a les activitats que es van dur a terme a la\u00a0pla\u00e7a de la Vila de Sant Cugat com la\u00a0<strong>Fira de Vehicles el\u00e8ctrics<\/strong> o el <strong>Circuit de Karts<\/strong> <strong>a pedals<\/strong> per a nens i nenes que va tenir molt bona acollida entre els m\u00e9s petits.<\/p>\n<p>El punt<em>\u00a0<\/em>\u00e0lgid d&#8217;aflu\u00e8ncia va ser al acabar la <strong>Bicicletada Popular<\/strong> de 10 km que va recorre els carrers de la\u00a0ciutat.<\/p>\n<p>Us deixem un recull d&#8217;imatges de la jornada.[\/vc_column_text][\/vc_column][\/vc_row][vc_row][vc_column][vc_empty_space][\/vc_column][\/vc_row][vc_row el_class=&#8221;banner-section&#8221;][vc_column][vc_column_text]\n<h2 style=\"text-align: center;\"><span style=\"color: #333333;\"><strong>ALTRES ESDEVENIMENTS ON HEM ESTAT<\/strong><\/span><\/h2>\n[\/vc_column_text][\/vc_column][\/vc_row]\n<\/section>","protected":false},"excerpt":{"rendered":"<p>[vc_row][vc_column width=&#8221;7\/12&#8243;][vc_gallery interval=&#8221;3&#8243; images=&#8221;1340,1338,948&#8243; img_size=&#8221;full&#8221;][\/vc_column][vc_column width=&#8221;5\/12&#8243;][vc_column_text] Setmana de la Mobilitat de Sant Cugat P\u00e0rquing de bicis en modalitat de servei de guarderia per facilitar la participaci\u00f3 a les activitats de&#8230;<\/p>\n","protected":false},"author":4,"featured_media":951,"comment_status":"open","ping_status":"closed","template":"","meta":{"_acf_changed":false,"footnotes":""},"portfolio_category":[175],"portfolio_tag":[],"class_list":{"0":"post-32","1":"portfolio","2":"type-portfolio","3":"status-publish","4":"has-post-thumbnail","6":"portfolio_category-175"},"acf":[],"_links":{"self":[{"href":"https:\/\/cyclolock.com\/ca\/wp-json\/wp\/v2\/portfolio\/32","targetHints":{"allow":["GET"]}}],"collection":[{"href":"https:\/\/cyclolock.com\/ca\/wp-json\/wp\/v2\/portfolio"}],"about":[{"href":"https:\/\/cyclolock.com\/ca\/wp-json\/wp\/v2\/types\/portfolio"}],"author":[{"embeddable":true,"href":"https:\/\/cyclolock.com\/ca\/wp-json\/wp\/v2\/users\/4"}],"replies":[{"embeddable":true,"href":"https:\/\/cyclolock.com\/ca\/wp-json\/wp\/v2\/comments?post=32"}],"version-history":[{"count":1,"href":"https:\/\/cyclolock.com\/ca\/wp-json\/wp\/v2\/portfolio\/32\/revisions"}],"predecessor-version":[{"id":1174,"href":"https:\/\/cyclolock.com\/ca\/wp-json\/wp\/v2\/portfolio\/32\/revisions\/1174"}],"wp:featuredmedia":[{"embeddable":true,"href":"https:\/\/cyclolock.com\/ca\/wp-json\/wp\/v2\/media\/951"}],"wp:attachment":[{"href":"https:\/\/cyclolock.com\/ca\/wp-json\/wp\/v2\/media?parent=32"}],"wp:term":[{"taxonomy":"portfolio_category","embeddable":true,"href":"https:\/\/cyclolock.com\/ca\/wp-json\/wp\/v2\/portfolio_category?post=32"},{"taxonomy":"portfolio_tag","embeddable":true,"href":"https:\/\/cyclolock.com\/ca\/wp-json\/wp\/v2\/portfolio_tag?post=32"}],"curies":[{"name":"wp","href":"https:\/\/api.w.org\/{rel}","templated":true}]}}

<section class="wpb-content-wrapper">[vc_row][vc_column width=&#8221;7/12&#8243;][vc_gallery interval=&#8221;3&#8243; images=&#8221;1340,1338,948&#8243; img_size=&#8221;full&#8221;][/vc_column][vc_column width=&#8221;5/12&#8243;][vc_column_text]
<h2>Setmana de la Mobilitat de Sant Cugat</h2>
<p>Pàrquing de bicis en modalitat de servei de guarderia per facilitar la participació a les activitats de la setmana de la mobilitat com la Fira de Vehicles elèctrics, el Circuit de Karts a pedals o la Bicicletada Popular, organitzades per l’Ajuntament de Sant Cugat.[/vc_column_text][vc_raw_html]JTNDZGl2JTIwY2xhc3MlM0QlMjJwcm9qZWN0LXRhZ3MlMjIlM0UlMEElMDklM0N1bCUzRSUwQSUwOSUwOSUzQ2xpJTNFJTNDaSUyMGNsYXNzJTNEJTIyZmElMjBmYS1jYWxlbmRhciUyMiUzRSUzQyUyRmklM0UlMjAlM0NzcGFuJTNFRGF0YSUzQSUzQyUyRnNwYW4lM0UlMjAxOCUyRjA5JTJGMjAxNiUzQyUyRmxpJTNFJTBBJTA5JTA5JTNDbGklM0UlM0NpJTIwY2xhc3MlM0QlMjJmYSUyMGZhLW1hcC1tYXJrZXIlMjIlM0UlM0MlMkZpJTNFJTIwJTNDc3BhbiUzRUxvY2FsaXR6YWNpJUMzJUIzJTNBJTNDJTJGc3BhbiUzRSUyMFBsYSVDMyVBN2ElMjBkZSUyMGxhJTIwVmlsYSUyMFNhbnQlMjBDdWdhdCUzQyUyRmxpJTNFJTBBJTIwJTIwJTIwJTIwJTIwJTIwJTIwJTIwJTIwJTIwJTIwJTIwJTIwJTIwJTIwJTIwJTNDbGklM0UlM0NpJTIwY2xhc3MlM0QlMjJmYSUyMGZhLWJpY3ljbGUlMjIlM0UlM0MlMkZpJTNFJTIwJTNDc3BhbiUzRUNhcGFjaXRhdCUzQSUzQyUyRnNwYW4lM0U5NiUyMGJpY2ljbGV0ZXMlM0MlMkZsaSUzRSUwQSUwOSUzQyUyRnVsJTNFJTBBJTNDJTJGZGl2JTNF[/vc_raw_html][/vc_column][/vc_row][vc_row][vc_column][vc_column_text]El passat diumenge 18 de setembre vàrem participar als actes de la Setmana de la Mobilitat Sostenible i Segura a Sant Cugat del Vallès.</p>
<p>Durant tot el matí vam oferir el nostre <em><strong>servei de guarderia per a bicicletes</strong> </em>per facilitar la participació a les activitats que es van dur a terme a la plaça de la Vila de Sant Cugat com la <strong>Fira de Vehicles elèctrics</strong> o el <strong>Circuit de Karts</strong> <strong>a pedals</strong> per a nens i nenes que va tenir molt bona acollida entre els més petits.</p>
<p>El punt<em> </em>àlgid d&#8217;afluència va ser al acabar la <strong>Bicicletada Popular</strong> de 10 km que va recorre els carrers de la ciutat.</p>
<p>Us deixem un recull d&#8217;imatges de la jornada.[/vc_column_text][/vc_column][/vc_row][vc_row][vc_column][vc_empty_space][/vc_column][/vc_row][vc_row el_class=&#8221;banner-section&#8221;][vc_column][vc_column_text]
<h2 style="text-align: center;"><span style="color: #333333;"><strong>ALTRES ESDEVENIMENTS ON HEM ESTAT</strong></span></h2>
[/vc_column_text][/vc_column][/vc_row]
</section>

<p>[vc_row][vc_column width=&#8221;7/12&#8243;][vc_gallery interval=&#8221;3&#8243; images=&#8221;1340,1338,948&#8243; img_size=&#8221;full&#8221;][/vc_column][vc_column width=&#8221;5/12&#8243;][vc_column_text] Setmana de la Mobilitat de Sant Cugat Pàrquing de bicis en modalitat de servei de guarderia per facilitar la participació a les activitats de&#8230;</p>
