{"id":2983,"date":"2024-10-31T10:18:51","date_gmt":"2024-10-31T10:18:51","guid":{"rendered":"https:\/\/cyclolock.com\/portfolio\/2977\/"},"modified":"2025-06-10T08:35:24","modified_gmt":"2025-06-10T08:35:24","slug":"smewc24","status":"publish","type":"portfolio","link":"https:\/\/cyclolock.com\/ca\/portfolio\/smewc24\/","title":{"rendered":"Smart City Expo World Congress 2024"},"content":{"rendered":"<section class=\"wpb-content-wrapper\">[vc_row][vc_column width=&#8221;7\/12&#8243;][vc_single_image image=&#8221;2978&#8243; img_size=&#8221;full&#8221;][\/vc_column][vc_column width=&#8221;5\/12&#8243;][vc_column_text]\n<h2>SCEWC 2024<\/h2>\n<p>Del 5 al 7 de novembre a Barcelona se celebra l&#8217;Smart City Expo World Congress, l&#8217;esdeveniment m\u00e9s gran i influent del m\u00f3n en mat\u00e8ria de ciutats i innovaci\u00f3 urbana.[\/vc_column_text][vc_raw_html]JTNDZGl2JTIwY2xhc3MlM0QlMjJwcm9qZWN0LXRhZ3MlMjIlM0UlMEElMDklM0N1bCUzRSUwQSUwOSUwOSUzQ2xpJTNFJTNDaSUyMGNsYXNzJTNEJTIyZmElMjBmYS1jYWxlbmRhciUyMiUzRSUzQyUyRmklM0UlMjAlM0NzcGFuJTNFRGF0YSUzQSUzQyUyRnNwYW4lM0UwNS0wNyUyRjExJTJGMjAyNCUzQyUyRmxpJTNFJTBBJTA5JTA5JTNDbGklM0UlM0NpJTIwY2xhc3MlM0QlMjJmYSUyMGZhLW1hcC1tYXJrZXIlMjIlM0UlM0MlMkZpJTNFJTIwJTNDc3BhbiUzRUxvY2FsaXR6YWNpJUMzJUIzJTNBJTNDJTJGc3BhbiUzRSUyMEZpcmElMjBCYXJjZWxvbmElMjBHcmFuJTIwVmlhLiUyMEF2LiUyMEpvYW4lMjBDYXJsZXMlMjBJJTJDJTIwNjQuJTIwMDg5MDglMjBMJUUyJTgwJTk5SG9zcGl0YWxldCUyMGRlJTIwTGxvYnJlZ2F0JTIwJTI4QmFyY2Vsb25hJTI5JTNDJTJGbGklM0UlMEElMjAlMjAlMjAlMjAlMjAlMjAlMjAlMjAlMjAlMjAlMjAlMjAlMjAlMjAlMjAlMjAlM0NsaSUzRSUzQ2klMjBjbGFzcyUzRCUyMmZhJTIwZmEtYmljeWNsZSUyMiUzRSUzQyUyRmklM0UlMjAlM0NzcGFuJTNFQ2FwYWNpdGF0JTNBJTNDJTJGc3BhbiUzRTE1MCUyMGJpY2ljbGV0ZXMlM0MlMkZsaSUzRSUwQSUwOSUzQyUyRnVsJTNFJTBBJTNDJTJGZGl2JTNF[\/vc_raw_html][\/vc_column][\/vc_row][vc_row][vc_column][vc_column_text]Sota el lema &#8220;STRIVING FOR BETTER CITIES FOR ALL&#8221;, una multitud diversa d&#8217;executius de la ind\u00fastria, l\u00edders governamentals, investigadors i empresaris es reuneixen anualment per revisar q\u00fcestions complexes que s\u00f3n al cor d&#8217;un nou model de ciutat i societat.<\/p>\n<p>El <a href=\"https:\/\/www.smartcityexpo.com\/\">#SCEWC24<\/a> donar\u00e0 la benvinguda a m\u00e9s de 25.000 visitants professionals de m\u00e9s de 130 pa\u00efsos de tot el m\u00f3n, m\u00e9s de 1.100 expositors, m\u00e9s de 600 oradors i representants de m\u00e9s de 850 ciutats.<\/p>\n<p>Com passa en edicions anteriors, l&#8217;Smart City comptar\u00e0 amb un aparcament segur fora del recinte de la Fira de Gran Via, al costat de l&#8217;entrada principal: Av. Joan Carles I, 64. 08908 L\u2019Hospitalet de Llobregat (Barcelona)<\/p>\n<p><strong>El servei \u00e9s gratu\u00eft i en modalitat de consigna.<\/strong><\/p>\n<p><strong>HORARI D&#8217;OBERTURA:<\/strong><br \/>\n<strong>Dimarts, 7:30 a 20:00<\/strong><br \/>\n<strong>Dimecres, 7:30 a 23:00<\/strong><br \/>\n<strong>Dijous, 07:30 a 18:00<\/strong><\/p>\n<p><strong>US HI ESPEREM!<\/strong>[\/vc_column_text][\/vc_column][\/vc_row][vc_row][vc_column][vc_empty_space][\/vc_column][\/vc_row][vc_row el_class=&#8221;banner-section&#8221;][vc_column][vc_column_text]\n<h2 style=\"text-align: center;\"><span style=\"color: #333333;\"><strong>OTROS EVENTOS DONDE HEMOS ESTADO<\/strong><\/span><\/h2>\n[\/vc_column_text][\/vc_column][\/vc_row]\n<\/section>","protected":false},"excerpt":{"rendered":"<p>[vc_row][vc_column width=&#8221;7\/12&#8243;][vc_single_image image=&#8221;2978&#8243; img_size=&#8221;full&#8221;][\/vc_column][vc_column width=&#8221;5\/12&#8243;][vc_column_text] SCEWC 2024 Del 5 al 7 de novembre a Barcelona se celebra l&#8217;Smart City Expo World Congress, l&#8217;esdeveniment m\u00e9s gran i influent del m\u00f3n en&#8230;<\/p>\n","protected":false},"author":2,"featured_media":2981,"comment_status":"closed","ping_status":"closed","template":"","meta":{"_acf_changed":false,"footnotes":""},"portfolio_category":[284],"portfolio_tag":[],"class_list":{"0":"post-2983","1":"portfolio","2":"type-portfolio","3":"status-publish","4":"has-post-thumbnail","6":"portfolio_category-2024-ca"},"acf":[],"_links":{"self":[{"href":"https:\/\/cyclolock.com\/ca\/wp-json\/wp\/v2\/portfolio\/2983","targetHints":{"allow":["GET"]}}],"collection":[{"href":"https:\/\/cyclolock.com\/ca\/wp-json\/wp\/v2\/portfolio"}],"about":[{"href":"https:\/\/cyclolock.com\/ca\/wp-json\/wp\/v2\/types\/portfolio"}],"author":[{"embeddable":true,"href":"https:\/\/cyclolock.com\/ca\/wp-json\/wp\/v2\/users\/2"}],"replies":[{"embeddable":true,"href":"https:\/\/cyclolock.com\/ca\/wp-json\/wp\/v2\/comments?post=2983"}],"version-history":[{"count":5,"href":"https:\/\/cyclolock.com\/ca\/wp-json\/wp\/v2\/portfolio\/2983\/revisions"}],"predecessor-version":[{"id":2990,"href":"https:\/\/cyclolock.com\/ca\/wp-json\/wp\/v2\/portfolio\/2983\/revisions\/2990"}],"wp:featuredmedia":[{"embeddable":true,"href":"https:\/\/cyclolock.com\/ca\/wp-json\/wp\/v2\/media\/2981"}],"wp:attachment":[{"href":"https:\/\/cyclolock.com\/ca\/wp-json\/wp\/v2\/media?parent=2983"}],"wp:term":[{"taxonomy":"portfolio_category","embeddable":true,"href":"https:\/\/cyclolock.com\/ca\/wp-json\/wp\/v2\/portfolio_category?post=2983"},{"taxonomy":"portfolio_tag","embeddable":true,"href":"https:\/\/cyclolock.com\/ca\/wp-json\/wp\/v2\/portfolio_tag?post=2983"}],"curies":[{"name":"wp","href":"https:\/\/api.w.org\/{rel}","templated":true}]}}

<section class="wpb-content-wrapper">[vc_row][vc_column width=&#8221;7/12&#8243;][vc_single_image image=&#8221;2978&#8243; img_size=&#8221;full&#8221;][/vc_column][vc_column width=&#8221;5/12&#8243;][vc_column_text]
<h2>SCEWC 2024</h2>
<p>Del 5 al 7 de novembre a Barcelona se celebra l&#8217;Smart City Expo World Congress, l&#8217;esdeveniment més gran i influent del món en matèria de ciutats i innovació urbana.[/vc_column_text][vc_raw_html]JTNDZGl2JTIwY2xhc3MlM0QlMjJwcm9qZWN0LXRhZ3MlMjIlM0UlMEElMDklM0N1bCUzRSUwQSUwOSUwOSUzQ2xpJTNFJTNDaSUyMGNsYXNzJTNEJTIyZmElMjBmYS1jYWxlbmRhciUyMiUzRSUzQyUyRmklM0UlMjAlM0NzcGFuJTNFRGF0YSUzQSUzQyUyRnNwYW4lM0UwNS0wNyUyRjExJTJGMjAyNCUzQyUyRmxpJTNFJTBBJTA5JTA5JTNDbGklM0UlM0NpJTIwY2xhc3MlM0QlMjJmYSUyMGZhLW1hcC1tYXJrZXIlMjIlM0UlM0MlMkZpJTNFJTIwJTNDc3BhbiUzRUxvY2FsaXR6YWNpJUMzJUIzJTNBJTNDJTJGc3BhbiUzRSUyMEZpcmElMjBCYXJjZWxvbmElMjBHcmFuJTIwVmlhLiUyMEF2LiUyMEpvYW4lMjBDYXJsZXMlMjBJJTJDJTIwNjQuJTIwMDg5MDglMjBMJUUyJTgwJTk5SG9zcGl0YWxldCUyMGRlJTIwTGxvYnJlZ2F0JTIwJTI4QmFyY2Vsb25hJTI5JTNDJTJGbGklM0UlMEElMjAlMjAlMjAlMjAlMjAlMjAlMjAlMjAlMjAlMjAlMjAlMjAlMjAlMjAlMjAlMjAlM0NsaSUzRSUzQ2klMjBjbGFzcyUzRCUyMmZhJTIwZmEtYmljeWNsZSUyMiUzRSUzQyUyRmklM0UlMjAlM0NzcGFuJTNFQ2FwYWNpdGF0JTNBJTNDJTJGc3BhbiUzRTE1MCUyMGJpY2ljbGV0ZXMlM0MlMkZsaSUzRSUwQSUwOSUzQyUyRnVsJTNFJTBBJTNDJTJGZGl2JTNF[/vc_raw_html][/vc_column][/vc_row][vc_row][vc_column][vc_column_text]Sota el lema &#8220;STRIVING FOR BETTER CITIES FOR ALL&#8221;, una multitud diversa d&#8217;executius de la indústria, líders governamentals, investigadors i empresaris es reuneixen anualment per revisar qüestions complexes que són al cor d&#8217;un nou model de ciutat i societat.</p>
<p>El <a href="https://www.smartcityexpo.com/">#SCEWC24</a> donarà la benvinguda a més de 25.000 visitants professionals de més de 130 països de tot el món, més de 1.100 expositors, més de 600 oradors i representants de més de 850 ciutats.</p>
<p>Com passa en edicions anteriors, l&#8217;Smart City comptarà amb un aparcament segur fora del recinte de la Fira de Gran Via, al costat de l&#8217;entrada principal: Av. Joan Carles I, 64. 08908 L’Hospitalet de Llobregat (Barcelona)</p>
<p><strong>El servei és gratuït i en modalitat de consigna.</strong></p>
<p><strong>HORARI D&#8217;OBERTURA:</strong><br />
<strong>Dimarts, 7:30 a 20:00</strong><br />
<strong>Dimecres, 7:30 a 23:00</strong><br />
<strong>Dijous, 07:30 a 18:00</strong></p>
<p><strong>US HI ESPEREM!</strong>[/vc_column_text][/vc_column][/vc_row][vc_row][vc_column][vc_empty_space][/vc_column][/vc_row][vc_row el_class=&#8221;banner-section&#8221;][vc_column][vc_column_text]
<h2 style="text-align: center;"><span style="color: #333333;"><strong>OTROS EVENTOS DONDE HEMOS ESTADO</strong></span></h2>
[/vc_column_text][/vc_column][/vc_row]
</section>

<p>[vc_row][vc_column width=&#8221;7/12&#8243;][vc_single_image image=&#8221;2978&#8243; img_size=&#8221;full&#8221;][/vc_column][vc_column width=&#8221;5/12&#8243;][vc_column_text] SCEWC 2024 Del 5 al 7 de novembre a Barcelona se celebra l&#8217;Smart City Expo World Congress, l&#8217;esdeveniment més gran i influent del món en&#8230;</p>
