{"id":25,"date":"2016-11-12T10:26:55","date_gmt":"2016-11-12T10:26:55","guid":{"rendered":"http:\/\/qkthemes-demo.com\/wordpress\/construct\/?post_type=portfolio&#038;p=25"},"modified":"2017-03-01T22:02:38","modified_gmt":"2017-03-01T22:02:38","slug":"barcelonetabikes","status":"publish","type":"portfolio","link":"https:\/\/cyclolock.com\/ca\/portfolio\/barcelonetabikes\/","title":{"rendered":"5\u00e8 Aniversari Barceloneta Bikes 12\/11\/2016"},"content":{"rendered":"<section class=\"wpb-content-wrapper\">[vc_row][vc_column width=&#8221;7\/12&#8243;][vc_gallery interval=&#8221;3&#8243; images=&#8221;1046,1341,1342&#8243; img_size=&#8221;full&#8221;][\/vc_column][vc_column width=&#8221;5\/12&#8243;][vc_column_text]\n<h2>5\u00e8 Aniversari Barceloneta Bikes<\/h2>\n<p>P\u00e0rquing de bicis en modalitat de servei de guarderia a la festa de celebraci\u00f3 del 5\u00e8 aniversari de la botiga Barceloneta Bikes al Black Lab Brewhouse and Kitchen.[\/vc_column_text][vc_raw_html]JTNDZGl2JTIwY2xhc3MlM0QlMjJwcm9qZWN0LXRhZ3MlMjIlM0UlMEElMDklM0N1bCUzRSUwQSUwOSUwOSUzQ2xpJTNFJTNDaSUyMGNsYXNzJTNEJTIyZmElMjBmYS1jYWxlbmRhciUyMiUzRSUzQyUyRmklM0UlMjAlM0NzcGFuJTNFRGF0YSUzQSUzQyUyRnNwYW4lM0UlMjAxMiUyRjExJTJGMjAxNiUzQyUyRmxpJTNFJTBBJTA5JTA5JTNDbGklM0UlM0NpJTIwY2xhc3MlM0QlMjJmYSUyMGZhLW1hcC1tYXJrZXIlMjIlM0UlM0MlMkZpJTNFJTIwJTNDc3BhbiUzRUxvY2FsaXR6YWNpJUMzJUIzJTNBJTNDJTJGc3BhbiUzRSUyMEJsYWNrJTIwTGFiJTIwUGxhemElMjBQYXUlMjBWaWxhJTIwMSUyMCUyOEJhcmNlbG9uZXRhJTI5JTIwQmFyY2Vsb25hJTNDJTJGbGklM0UlMEElMjAlMjAlMjAlMjAlMjAlMjAlMjAlMjAlMjAlMjAlMjAlMjAlMjAlMjAlMjAlMjAlM0NsaSUzRSUzQ2klMjBjbGFzcyUzRCUyMmZhJTIwZmEtYmljeWNsZSUyMiUzRSUzQyUyRmklM0UlMjAlM0NzcGFuJTNFQ2FwYWNpdGF0JTNBJTNDJTJGc3BhbiUzRTQwJTIwYmljaWNsZXRlcyUzQyUyRmxpJTNFJTBBJTA5JTNDJTJGdWwlM0UlMEElM0MlMkZkaXYlM0U=[\/vc_raw_html][\/vc_column][\/vc_row][vc_row][vc_column][vc_column_text]Cyclolock es va unir a la celebraci\u00f3 del 5\u00e8 aniversari de\u00a0<strong><a class=\"profileLink\" href=\"http:\/\/www.barcelonetabikes.com\/\" target=\"_blank\" data-hovercard=\"\/ajax\/hovercard\/event.php?id=380647702326607&amp;extragetparams=%7B%22source%22%3A3%2C%22source_newsfeed_story_type%22%3A%22regular%22%2C%22action_history%22%3A%22null%22%7D\">Barceloneta Bikes<\/a><\/strong>, botiga de refer\u00e8ncia en el mon de les fixies a Barcelona,\u00a0donant servei de guarderia de bicis als assistents\u00a0a la festa nocturna al <a class=\"profileLink\" href=\"https:\/\/www.facebook.com\/BlackLabBCN\/\" data-hovercard=\"\/ajax\/hovercard\/page.php?id=272285822954870\">BlackLab<\/a>\u00a0de Palau de Mar.<br \/>\nLa vetllada\u00a0va estar amenitzada pels reptes\u00a0goldsprint de <strong><a href=\"http:\/\/www.thehamsters.bike\/\" target=\"_blank\">The Hamsters<\/a><\/strong>: retes als teus amics a fer 500 metres en el m\u00ednim temps, la teva velocitat i dist\u00e0ncia recorreguda queda enregistrada i a la pantalla es proclama\u00a0al vencedor!<\/p>\n<p>Nom\u00e9s per participar ja entraves al sorteig d\u2019una <strong><a id=\"js_9jf\" class=\"profileLink\" href=\"https:\/\/www.facebook.com\/poloandbikeofficial\/\" data-hovercard=\"\/ajax\/hovercard\/page.php?id=127947467282856\">Poloandbike<\/a><\/strong>, col\u00b7laborant alhora amb\u00a0la campanya de <strong><a class=\"profileLink\" href=\"https:\/\/www.facebook.com\/MovemberSpain\/\" data-hovercard=\"\/ajax\/hovercard\/page.php?id=338313367003\">Movember Foundation Spain<\/a><\/strong> 2016, i tot regat amb la gran varietat de cervesa feta all\u00e0 mateix, al la fabrica de <strong><a href=\"http:\/\/www.blacklab.es\/\" target=\"_blank\">BlackLab<\/a><\/strong>.<\/p>\n<p><strong><em>Moltes felicitats Barceloneta Bikes i per molt anys m\u00e9s!<\/em><\/strong>[\/vc_column_text][vc_empty_space][\/vc_column][\/vc_row][vc_row el_class=&#8221;banner-section&#8221;][vc_column][vc_column_text]\n<h2 style=\"text-align: center;\"><strong><span style=\"color: #333333;\">ALTRES ESDEVENIMENTS ON HEM ESTAT<\/span><\/strong><\/h2>\n[\/vc_column_text][\/vc_column][\/vc_row]\n<\/section>","protected":false},"excerpt":{"rendered":"<p>[vc_row][vc_column width=&#8221;7\/12&#8243;][vc_gallery interval=&#8221;3&#8243; images=&#8221;1046,1341,1342&#8243; img_size=&#8221;full&#8221;][\/vc_column][vc_column width=&#8221;5\/12&#8243;][vc_column_text] 5\u00e8 Aniversari Barceloneta Bikes P\u00e0rquing de bicis en modalitat de servei de guarderia a la festa de celebraci\u00f3 del 5\u00e8 aniversari de la botiga&#8230;<\/p>\n","protected":false},"author":4,"featured_media":1136,"comment_status":"open","ping_status":"closed","template":"","meta":{"_acf_changed":false,"footnotes":""},"portfolio_category":[175],"portfolio_tag":[],"class_list":{"0":"post-25","1":"portfolio","2":"type-portfolio","3":"status-publish","4":"has-post-thumbnail","6":"portfolio_category-175"},"acf":[],"_links":{"self":[{"href":"https:\/\/cyclolock.com\/ca\/wp-json\/wp\/v2\/portfolio\/25","targetHints":{"allow":["GET"]}}],"collection":[{"href":"https:\/\/cyclolock.com\/ca\/wp-json\/wp\/v2\/portfolio"}],"about":[{"href":"https:\/\/cyclolock.com\/ca\/wp-json\/wp\/v2\/types\/portfolio"}],"author":[{"embeddable":true,"href":"https:\/\/cyclolock.com\/ca\/wp-json\/wp\/v2\/users\/4"}],"replies":[{"embeddable":true,"href":"https:\/\/cyclolock.com\/ca\/wp-json\/wp\/v2\/comments?post=25"}],"version-history":[{"count":1,"href":"https:\/\/cyclolock.com\/ca\/wp-json\/wp\/v2\/portfolio\/25\/revisions"}],"predecessor-version":[{"id":1133,"href":"https:\/\/cyclolock.com\/ca\/wp-json\/wp\/v2\/portfolio\/25\/revisions\/1133"}],"wp:featuredmedia":[{"embeddable":true,"href":"https:\/\/cyclolock.com\/ca\/wp-json\/wp\/v2\/media\/1136"}],"wp:attachment":[{"href":"https:\/\/cyclolock.com\/ca\/wp-json\/wp\/v2\/media?parent=25"}],"wp:term":[{"taxonomy":"portfolio_category","embeddable":true,"href":"https:\/\/cyclolock.com\/ca\/wp-json\/wp\/v2\/portfolio_category?post=25"},{"taxonomy":"portfolio_tag","embeddable":true,"href":"https:\/\/cyclolock.com\/ca\/wp-json\/wp\/v2\/portfolio_tag?post=25"}],"curies":[{"name":"wp","href":"https:\/\/api.w.org\/{rel}","templated":true}]}}

5è Aniversari Barceloneta Bikes 12/11/2016

<section class="wpb-content-wrapper">[vc_row][vc_column width=&#8221;7/12&#8243;][vc_gallery interval=&#8221;3&#8243; images=&#8221;1046,1341,1342&#8243; img_size=&#8221;full&#8221;][/vc_column][vc_column width=&#8221;5/12&#8243;][vc_column_text]
<h2>5è Aniversari Barceloneta Bikes</h2>
<p>Pàrquing de bicis en modalitat de servei de guarderia a la festa de celebració del 5è aniversari de la botiga Barceloneta Bikes al Black Lab Brewhouse and Kitchen.[/vc_column_text][vc_raw_html]JTNDZGl2JTIwY2xhc3MlM0QlMjJwcm9qZWN0LXRhZ3MlMjIlM0UlMEElMDklM0N1bCUzRSUwQSUwOSUwOSUzQ2xpJTNFJTNDaSUyMGNsYXNzJTNEJTIyZmElMjBmYS1jYWxlbmRhciUyMiUzRSUzQyUyRmklM0UlMjAlM0NzcGFuJTNFRGF0YSUzQSUzQyUyRnNwYW4lM0UlMjAxMiUyRjExJTJGMjAxNiUzQyUyRmxpJTNFJTBBJTA5JTA5JTNDbGklM0UlM0NpJTIwY2xhc3MlM0QlMjJmYSUyMGZhLW1hcC1tYXJrZXIlMjIlM0UlM0MlMkZpJTNFJTIwJTNDc3BhbiUzRUxvY2FsaXR6YWNpJUMzJUIzJTNBJTNDJTJGc3BhbiUzRSUyMEJsYWNrJTIwTGFiJTIwUGxhemElMjBQYXUlMjBWaWxhJTIwMSUyMCUyOEJhcmNlbG9uZXRhJTI5JTIwQmFyY2Vsb25hJTNDJTJGbGklM0UlMEElMjAlMjAlMjAlMjAlMjAlMjAlMjAlMjAlMjAlMjAlMjAlMjAlMjAlMjAlMjAlMjAlM0NsaSUzRSUzQ2klMjBjbGFzcyUzRCUyMmZhJTIwZmEtYmljeWNsZSUyMiUzRSUzQyUyRmklM0UlMjAlM0NzcGFuJTNFQ2FwYWNpdGF0JTNBJTNDJTJGc3BhbiUzRTQwJTIwYmljaWNsZXRlcyUzQyUyRmxpJTNFJTBBJTA5JTNDJTJGdWwlM0UlMEElM0MlMkZkaXYlM0U=[/vc_raw_html][/vc_column][/vc_row][vc_row][vc_column][vc_column_text]Cyclolock es va unir a la celebració del 5è aniversari de <strong><a class="profileLink" href="http://www.barcelonetabikes.com/" target="_blank" data-hovercard="/ajax/hovercard/event.php?id=380647702326607&amp;extragetparams=%7B%22source%22%3A3%2C%22source_newsfeed_story_type%22%3A%22regular%22%2C%22action_history%22%3A%22null%22%7D">Barceloneta Bikes</a></strong>, botiga de referència en el mon de les fixies a Barcelona, donant servei de guarderia de bicis als assistents a la festa nocturna al <a class="profileLink" href="https://www.facebook.com/BlackLabBCN/" data-hovercard="/ajax/hovercard/page.php?id=272285822954870">BlackLab</a> de Palau de Mar.<br />
La vetllada va estar amenitzada pels reptes goldsprint de <strong><a href="http://www.thehamsters.bike/" target="_blank">The Hamsters</a></strong>: retes als teus amics a fer 500 metres en el mínim temps, la teva velocitat i distància recorreguda queda enregistrada i a la pantalla es proclama al vencedor!</p>
<p>Només per participar ja entraves al sorteig d’una <strong><a id="js_9jf" class="profileLink" href="https://www.facebook.com/poloandbikeofficial/" data-hovercard="/ajax/hovercard/page.php?id=127947467282856">Poloandbike</a></strong>, col·laborant alhora amb la campanya de <strong><a class="profileLink" href="https://www.facebook.com/MovemberSpain/" data-hovercard="/ajax/hovercard/page.php?id=338313367003">Movember Foundation Spain</a></strong> 2016, i tot regat amb la gran varietat de cervesa feta allà mateix, al la fabrica de <strong><a href="http://www.blacklab.es/" target="_blank">BlackLab</a></strong>.</p>
<p><strong><em>Moltes felicitats Barceloneta Bikes i per molt anys més!</em></strong>[/vc_column_text][vc_empty_space][/vc_column][/vc_row][vc_row el_class=&#8221;banner-section&#8221;][vc_column][vc_column_text]
<h2 style="text-align: center;"><strong><span style="color: #333333;">ALTRES ESDEVENIMENTS ON HEM ESTAT</span></strong></h2>
[/vc_column_text][/vc_column][/vc_row]
</section>

<p>[vc_row][vc_column width=&#8221;7/12&#8243;][vc_gallery interval=&#8221;3&#8243; images=&#8221;1046,1341,1342&#8243; img_size=&#8221;full&#8221;][/vc_column][vc_column width=&#8221;5/12&#8243;][vc_column_text] 5è Aniversari Barceloneta Bikes Pàrquing de bicis en modalitat de servei de guarderia a la festa de celebració del 5è aniversari de la botiga&#8230;</p>
