{"id":2219,"date":"2019-09-26T10:25:07","date_gmt":"2019-09-26T10:25:07","guid":{"rendered":"https:\/\/cyclolock.com\/?post_type=portfolio&#038;p=2219"},"modified":"2023-06-03T07:59:42","modified_gmt":"2023-06-03T07:59:42","slug":"congres-qualitat-aire-aparcament-bicicletes","status":"publish","type":"portfolio","link":"https:\/\/cyclolock.com\/ca\/portfolio\/congres-qualitat-aire-aparcament-bicicletes\/","title":{"rendered":"Congr\u00e9s de Qualitat de l\u2019Aire 24-25\/10\/2019"},"content":{"rendered":"<section class=\"wpb-content-wrapper\">[vc_row][vc_column width=&#8221;7\/12&#8243;][vc_single_image image=&#8221;2222&#8243; img_size=&#8221;full&#8221;][\/vc_column][vc_column width=&#8221;5\/12&#8243;][vc_column_text]\n<h2>1er Congr\u00e9s de Qualitat de l\u2019Aire<\/h2>\n<p>Els dies 24 i 25 d\u2019octubre de 2019 el Congr\u00e9s de la Qualitat de l\u2019Aire es convertir\u00e0 en l\u2019epicentre de la gesti\u00f3 de la contaminaci\u00f3 atmosf\u00e8rica a escala nacional a Fira Sabadell.[\/vc_column_text][vc_raw_html]JTNDZGl2JTIwY2xhc3MlM0QlMjJwcm9qZWN0LXRhZ3MlMjIlM0UlMEElMDklM0N1bCUzRSUwQSUwOSUwOSUzQ2xpJTNFJTNDaSUyMGNsYXNzJTNEJTIyZmElMjBmYS1jYWxlbmRhciUyMiUzRSUzQyUyRmklM0UlMjAlM0NzcGFuJTNFRGF0YSUzQSUzQyUyRnNwYW4lM0UyNC0yNSUyRjEwJTJGMjAxOSUzQyUyRmxpJTNFJTBBJTA5JTA5JTNDbGklM0UlM0NpJTIwY2xhc3MlM0QlMjJmYSUyMGZhLW1hcC1tYXJrZXIlMjIlM0UlM0MlMkZpJTNFJTIwJTNDc3BhbiUzRUxvY2FsaXR6YWNpJUMzJUIzJTNBJTNDJTJGc3BhbiUzRSUyMEZpcmElMjBkZSUyMFNhYmFkZWxsLiUyMFBsLiUyMGRlJTIwbGElMjBTYXJkYW5hJTJDJTIwNyUyQyUyMFNhYmFkZWxsJTIwJTI4QmFyY2Vsb25hJTI5JTNDJTJGbGklM0UlMEElMjAlMjAlMjAlMjAlMjAlMjAlMjAlMjAlMjAlMjAlMjAlMjAlMjAlMjAlMjAlMjAlM0NsaSUzRSUzQ2klMjBjbGFzcyUzRCUyMmZhJTIwZmEtYmljeWNsZSUyMiUzRSUzQyUyRmklM0UlMjAlM0NzcGFuJTNFQ2FwYWNpdGF0JTNBJTNDJTJGc3BhbiUzRTQwJTIwYmljaWNsZXRlcyUzQyUyRmxpJTNFJTBBJTA5JTNDJTJGdWwlM0UlMEElM0MlMkZkaXYlM0U=[\/vc_raw_html][\/vc_column][\/vc_row][vc_row][vc_column][vc_column_text]\n<p class=\"XzvDs _208Ie _2Dym_ blog-post-text-font blog-post-text-color _2p1aK _2R0Lu _2Dym_\">El <a href=\"https:\/\/www.congresaire.cat\/\" target=\"_blank\" rel=\"noopener\"><strong>Congr\u00e9s de Qualitat de l\u2019Aire<\/strong> <\/a>es convertir\u00e0 en l\u2019epicentre de la gesti\u00f3 de la contaminaci\u00f3 atmosf\u00e8rica a escala nacional. L\u2019esdeveniment es proposa com a <strong>f\u00f2rum per trobar resposta a una de les majors causes de mort a tot el m\u00f3n<\/strong>. Vuit de cada deu ciutats superen els nivells m\u00e0xims de contaminaci\u00f3 recomanats per l&#8217;Organitzaci\u00f3 Mundial de la Salut.<\/p>\n<p class=\"XzvDs _208Ie _2Dym_ blog-post-text-font blog-post-text-color _2p1aK _2R0Lu _2Dym_\">L\u2019esdeveniment aplegar\u00e0 m\u00e9s de <strong>70 ponents de relleu nacional i internacional, amb un total de 24 sessions de treball<\/strong> estructurades en set tem\u00e0tiques: SALUT; EMISSIONS; MOBILITAT; URBANISME; SENSIBILITZACI\u00d3; FISCALITAT; AVALUACI\u00d3; i MODELITZACI\u00d3, a m\u00e9s d\u2019un seguit de pon\u00e8ncies conjuntes. D\u2019altra banda, s\u2019instal\u00b7lar\u00e0 una zona expositiva amb solucions tecnol\u00f2giques i presentacions professionals, preseleccionades per un comit\u00e8 t\u00e8cnic.<\/p>\n<p class=\"XzvDs _208Ie _2Dym_ blog-post-text-font blog-post-text-color _2p1aK _2R0Lu _2Dym_\"><strong>L\u2019entrada a l\u2019esdeveniment \u00e9s gratu\u00efta<\/strong>, amb preinscripci\u00f3 obligat\u00f2ria, l\u2019aforament \u00e9s limitat.<\/p>\n<p class=\"XzvDs _208Ie _2Dym_ blog-post-text-font blog-post-text-color _2p1aK _2R0Lu _2Dym_\">Les inscripcions es poden fer en el seg\u00fcent formulari: <a class=\"_2qJYG blog-link-hashtag-color _3sz0l\" href=\"https:\/\/www.activacongresos.com\/forms\/congresaire2019\/\" target=\"_top\" rel=\"noopener\"><u class=\"sDZYg\">https:\/\/www.activacongresos.com\/forms\/congresaire2019\/<\/u><\/a><\/p>\n<p class=\"XzvDs _208Ie _2Dym_ blog-post-text-font blog-post-text-color _2p1aK _2R0Lu _2Dym_\">Hi haur\u00e0 aparcament de bicicletes en modalitat de <strong>servei no vigilat a l&#8217;interior del recinte<\/strong> pel que recomanem que <span style=\"color: #ff0000;\"><strong>porteu cadenat<\/strong><span style=\"color: #000000;\">.<\/span><\/span><\/p>\n[\/vc_column_text][\/vc_column][\/vc_row][vc_row][vc_column][vc_empty_space][\/vc_column][\/vc_row][vc_row el_class=&#8221;banner-section&#8221;][vc_column][vc_column_text]\n<h2 style=\"text-align: center;\"><span style=\"color: #333333;\"><strong>ALTRES ESDEVENIMENTS ON HEM ESTAT <\/strong><\/span><\/h2>\n[\/vc_column_text][\/vc_column][\/vc_row]\n<\/section>","protected":false},"excerpt":{"rendered":"<p>[vc_row][vc_column width=&#8221;7\/12&#8243;][vc_single_image image=&#8221;2222&#8243; img_size=&#8221;full&#8221;][\/vc_column][vc_column width=&#8221;5\/12&#8243;][vc_column_text] 1er Congr\u00e9s de Qualitat de l\u2019Aire Els dies 24 i 25 d\u2019octubre de 2019 el Congr\u00e9s de la Qualitat de l\u2019Aire es convertir\u00e0 en l\u2019epicentre&#8230;<\/p>\n","protected":false},"author":2,"featured_media":2233,"comment_status":"closed","ping_status":"closed","template":"","meta":{"_acf_changed":false,"footnotes":""},"portfolio_category":[227,222],"portfolio_tag":[],"class_list":{"0":"post-2219","1":"portfolio","2":"type-portfolio","3":"status-publish","4":"has-post-thumbnail","6":"portfolio_category-2019-ca","7":"portfolio_category-222"},"acf":[],"_links":{"self":[{"href":"https:\/\/cyclolock.com\/ca\/wp-json\/wp\/v2\/portfolio\/2219","targetHints":{"allow":["GET"]}}],"collection":[{"href":"https:\/\/cyclolock.com\/ca\/wp-json\/wp\/v2\/portfolio"}],"about":[{"href":"https:\/\/cyclolock.com\/ca\/wp-json\/wp\/v2\/types\/portfolio"}],"author":[{"embeddable":true,"href":"https:\/\/cyclolock.com\/ca\/wp-json\/wp\/v2\/users\/2"}],"replies":[{"embeddable":true,"href":"https:\/\/cyclolock.com\/ca\/wp-json\/wp\/v2\/comments?post=2219"}],"version-history":[{"count":2,"href":"https:\/\/cyclolock.com\/ca\/wp-json\/wp\/v2\/portfolio\/2219\/revisions"}],"predecessor-version":[{"id":2601,"href":"https:\/\/cyclolock.com\/ca\/wp-json\/wp\/v2\/portfolio\/2219\/revisions\/2601"}],"wp:featuredmedia":[{"embeddable":true,"href":"https:\/\/cyclolock.com\/ca\/wp-json\/wp\/v2\/media\/2233"}],"wp:attachment":[{"href":"https:\/\/cyclolock.com\/ca\/wp-json\/wp\/v2\/media?parent=2219"}],"wp:term":[{"taxonomy":"portfolio_category","embeddable":true,"href":"https:\/\/cyclolock.com\/ca\/wp-json\/wp\/v2\/portfolio_category?post=2219"},{"taxonomy":"portfolio_tag","embeddable":true,"href":"https:\/\/cyclolock.com\/ca\/wp-json\/wp\/v2\/portfolio_tag?post=2219"}],"curies":[{"name":"wp","href":"https:\/\/api.w.org\/{rel}","templated":true}]}}

Congrés de Qualitat de l’Aire 24-25/10/2019

<section class="wpb-content-wrapper">[vc_row][vc_column width=&#8221;7/12&#8243;][vc_single_image image=&#8221;2222&#8243; img_size=&#8221;full&#8221;][/vc_column][vc_column width=&#8221;5/12&#8243;][vc_column_text]
<h2>1er Congrés de Qualitat de l’Aire</h2>
<p>Els dies 24 i 25 d’octubre de 2019 el Congrés de la Qualitat de l’Aire es convertirà en l’epicentre de la gestió de la contaminació atmosfèrica a escala nacional a Fira Sabadell.[/vc_column_text][vc_raw_html]JTNDZGl2JTIwY2xhc3MlM0QlMjJwcm9qZWN0LXRhZ3MlMjIlM0UlMEElMDklM0N1bCUzRSUwQSUwOSUwOSUzQ2xpJTNFJTNDaSUyMGNsYXNzJTNEJTIyZmElMjBmYS1jYWxlbmRhciUyMiUzRSUzQyUyRmklM0UlMjAlM0NzcGFuJTNFRGF0YSUzQSUzQyUyRnNwYW4lM0UyNC0yNSUyRjEwJTJGMjAxOSUzQyUyRmxpJTNFJTBBJTA5JTA5JTNDbGklM0UlM0NpJTIwY2xhc3MlM0QlMjJmYSUyMGZhLW1hcC1tYXJrZXIlMjIlM0UlM0MlMkZpJTNFJTIwJTNDc3BhbiUzRUxvY2FsaXR6YWNpJUMzJUIzJTNBJTNDJTJGc3BhbiUzRSUyMEZpcmElMjBkZSUyMFNhYmFkZWxsLiUyMFBsLiUyMGRlJTIwbGElMjBTYXJkYW5hJTJDJTIwNyUyQyUyMFNhYmFkZWxsJTIwJTI4QmFyY2Vsb25hJTI5JTNDJTJGbGklM0UlMEElMjAlMjAlMjAlMjAlMjAlMjAlMjAlMjAlMjAlMjAlMjAlMjAlMjAlMjAlMjAlMjAlM0NsaSUzRSUzQ2klMjBjbGFzcyUzRCUyMmZhJTIwZmEtYmljeWNsZSUyMiUzRSUzQyUyRmklM0UlMjAlM0NzcGFuJTNFQ2FwYWNpdGF0JTNBJTNDJTJGc3BhbiUzRTQwJTIwYmljaWNsZXRlcyUzQyUyRmxpJTNFJTBBJTA5JTNDJTJGdWwlM0UlMEElM0MlMkZkaXYlM0U=[/vc_raw_html][/vc_column][/vc_row][vc_row][vc_column][vc_column_text]
<p class="XzvDs _208Ie _2Dym_ blog-post-text-font blog-post-text-color _2p1aK _2R0Lu _2Dym_">El <a href="https://www.congresaire.cat/" target="_blank" rel="noopener"><strong>Congrés de Qualitat de l’Aire</strong> </a>es convertirà en l’epicentre de la gestió de la contaminació atmosfèrica a escala nacional. L’esdeveniment es proposa com a <strong>fòrum per trobar resposta a una de les majors causes de mort a tot el món</strong>. Vuit de cada deu ciutats superen els nivells màxims de contaminació recomanats per l&#8217;Organització Mundial de la Salut.</p>
<p class="XzvDs _208Ie _2Dym_ blog-post-text-font blog-post-text-color _2p1aK _2R0Lu _2Dym_">L’esdeveniment aplegarà més de <strong>70 ponents de relleu nacional i internacional, amb un total de 24 sessions de treball</strong> estructurades en set temàtiques: SALUT; EMISSIONS; MOBILITAT; URBANISME; SENSIBILITZACIÓ; FISCALITAT; AVALUACIÓ; i MODELITZACIÓ, a més d’un seguit de ponències conjuntes. D’altra banda, s’instal·larà una zona expositiva amb solucions tecnològiques i presentacions professionals, preseleccionades per un comitè tècnic.</p>
<p class="XzvDs _208Ie _2Dym_ blog-post-text-font blog-post-text-color _2p1aK _2R0Lu _2Dym_"><strong>L’entrada a l’esdeveniment és gratuïta</strong>, amb preinscripció obligatòria, l’aforament és limitat.</p>
<p class="XzvDs _208Ie _2Dym_ blog-post-text-font blog-post-text-color _2p1aK _2R0Lu _2Dym_">Les inscripcions es poden fer en el següent formulari: <a class="_2qJYG blog-link-hashtag-color _3sz0l" href="https://www.activacongresos.com/forms/congresaire2019/" target="_top" rel="noopener"><u class="sDZYg">https://www.activacongresos.com/forms/congresaire2019/</u></a></p>
<p class="XzvDs _208Ie _2Dym_ blog-post-text-font blog-post-text-color _2p1aK _2R0Lu _2Dym_">Hi haurà aparcament de bicicletes en modalitat de <strong>servei no vigilat a l&#8217;interior del recinte</strong> pel que recomanem que <span style="color: #ff0000;"><strong>porteu cadenat</strong><span style="color: #000000;">.</span></span></p>
[/vc_column_text][/vc_column][/vc_row][vc_row][vc_column][vc_empty_space][/vc_column][/vc_row][vc_row el_class=&#8221;banner-section&#8221;][vc_column][vc_column_text]
<h2 style="text-align: center;"><span style="color: #333333;"><strong>ALTRES ESDEVENIMENTS ON HEM ESTAT </strong></span></h2>
[/vc_column_text][/vc_column][/vc_row]
</section>

<p>[vc_row][vc_column width=&#8221;7/12&#8243;][vc_single_image image=&#8221;2222&#8243; img_size=&#8221;full&#8221;][/vc_column][vc_column width=&#8221;5/12&#8243;][vc_column_text] 1er Congrés de Qualitat de l’Aire Els dies 24 i 25 d’octubre de 2019 el Congrés de la Qualitat de l’Aire es convertirà en l’epicentre&#8230;</p>
