{"id":2200,"date":"2019-09-10T10:11:04","date_gmt":"2019-09-10T10:11:04","guid":{"rendered":"https:\/\/cyclolock.com\/?post_type=portfolio&#038;p=2200"},"modified":"2019-09-23T08:34:50","modified_gmt":"2019-09-23T08:34:50","slug":"dia-sense-cotxes-2019-parking-bicis","status":"publish","type":"portfolio","link":"https:\/\/cyclolock.com\/ca\/portfolio\/dia-sense-cotxes-2019-parking-bicis\/","title":{"rendered":"La Merc\u00e8 Respira 22\/09\/2019"},"content":{"rendered":"<section class=\"wpb-content-wrapper\">[vc_row][vc_column width=&#8221;7\/12&#8243;][vc_gallery interval=&#8221;3&#8243; images=&#8221;2203,2205,2207&#8243; img_size=&#8221;full&#8221;][\/vc_column][vc_column width=&#8221;5\/12&#8243;][vc_column_text]\n<h2>La Merc\u00e8 Respira!<\/h2>\n<p>La Setmana Europea de la Mobilitat i el Dia sense Cotxes tornen a coincidir amb les Festes de la Merc\u00e8 per recordar-nos que les bones pr\u00e0ctiques en mat\u00e8ria de mobilitat ajuden a millorar la qualitat de l\u2019aire i a recuperar l\u2019espai p\u00fablic per al gaudi de tothom.[\/vc_column_text][vc_raw_html]JTNDZGl2JTIwY2xhc3MlM0QlMjJwcm9qZWN0LXRhZ3MlMjIlM0UlMEElMDklM0N1bCUzRSUwQSUwOSUwOSUzQ2xpJTNFJTNDaSUyMGNsYXNzJTNEJTIyZmElMjBmYS1jYWxlbmRhciUyMiUzRSUzQyUyRmklM0UlMjAlM0NzcGFuJTNFRGF0YSUzQSUzQyUyRnNwYW4lM0UyMiUyRjA5JTJGMjAxOSUzQyUyRmxpJTNFJTBBJTA5JTA5JTNDbGklM0UlM0NpJTIwY2xhc3MlM0QlMjJmYSUyMGZhLW1hcC1tYXJrZXIlMjIlM0UlM0MlMkZpJTNFJTIwJTNDc3BhbiUzRUxvY2FsaXR6YWNpJUMzJUIzJTNBJTNDJTJGc3BhbiUzRVZpYSUyMExhaWV0YW5hJTIwJTI4RW50cmFkYSUyMFBsLlVycXVpbmFvbmElMjklMjBCYXJjZWxvbmElM0MlMkZsaSUzRSUwQSUyMCUyMCUyMCUyMCUyMCUyMCUyMCUyMCUyMCUyMCUyMCUyMCUyMCUyMCUyMCUyMCUzQ2xpJTNFJTNDaSUyMGNsYXNzJTNEJTIyZmElMjBmYS1iaWN5Y2xlJTIyJTNFJTNDJTJGaSUzRSUyMCUzQ3NwYW4lM0VDYXBhY2l0YXQlM0ElM0MlMkZzcGFuJTNFNDglMjBiaWNpY2xldGVzJTNDJTJGbGklM0UlMEElMDklM0MlMkZ1bCUzRSUwQSUzQyUyRmRpdiUzRQ==[\/vc_raw_html][\/vc_column][\/vc_row][vc_row][vc_column][vc_column_text]Per\u00a0celebrar el Dia sense Cotxes\u00a0l&#8217;<strong><a href=\"http:\/\/www.barcelona.cat\" target=\"_blank\">Ajuntament de Barcelona<\/a><\/strong>\u00a0tallar\u00e0 <strong>d&#8217;11.00 a 20.00 h<\/strong>ores un dels carrers principals de la ciutat per convertir-lo en una ciutat dels vianants: la via Laietana.<\/p>\n<p>Us hi trobareu\u00a0<a href=\"https:\/\/www.barcelona.cat\/mobilitat\/ca\/actualitat-i-recursos\/setmana-europea-de-la-mobilitat\/activitats-via-laietana\" target=\"_blank\"><strong>diverses propostes l\u00fadiques\u00a0en relaci\u00f3 a la mobilitat sostenible i saludable<\/strong><\/a>\u00a0repartides en diferents eixos: La mobilitat sostenible,\u00a0El carrer per a les persones, Donem pas al verd i Una ciutat jugable,\u00a0que volen donar a con\u00e8ixer els elements indispensables per fer de la ciutat un espai m\u00e9s hum\u00e0, saludable i confortable per a tots i totes.<\/p>\n<p>Pels que\u00a0 us hi desplaceu en bicicleta hi haur\u00e0 <strong>aparcament gratu\u00eft i vigilat<\/strong> per que podeu gaudir d&#8217;una via Laietana completament pacificada sense preocupar-vos de carretejar la bici.<\/p>\n<p>Us hi esperem![\/vc_column_text][\/vc_column][\/vc_row][vc_row][vc_column][vc_empty_space][\/vc_column][\/vc_row][vc_row el_class=&#8221;banner-section&#8221;][vc_column][vc_column_text]\n<h2 style=\"text-align: center;\"><span style=\"color: #333333;\"><strong>ALTRES ESDEVENIMENTS ON HEM ESTAT <\/strong><\/span><\/h2>\n[\/vc_column_text][\/vc_column][\/vc_row]\n<\/section>","protected":false},"excerpt":{"rendered":"<p>[vc_row][vc_column width=&#8221;7\/12&#8243;][vc_gallery interval=&#8221;3&#8243; images=&#8221;2203,2205,2207&#8243; img_size=&#8221;full&#8221;][\/vc_column][vc_column width=&#8221;5\/12&#8243;][vc_column_text] La Merc\u00e8 Respira! La Setmana Europea de la Mobilitat i el Dia sense Cotxes tornen a coincidir amb les Festes de la Merc\u00e8 per&#8230;<\/p>\n","protected":false},"author":2,"featured_media":2201,"comment_status":"closed","ping_status":"closed","template":"","meta":{"_acf_changed":false,"footnotes":""},"portfolio_category":[222],"portfolio_tag":[],"class_list":{"0":"post-2200","1":"portfolio","2":"type-portfolio","3":"status-publish","4":"has-post-thumbnail","6":"portfolio_category-222"},"acf":[],"_links":{"self":[{"href":"https:\/\/cyclolock.com\/ca\/wp-json\/wp\/v2\/portfolio\/2200","targetHints":{"allow":["GET"]}}],"collection":[{"href":"https:\/\/cyclolock.com\/ca\/wp-json\/wp\/v2\/portfolio"}],"about":[{"href":"https:\/\/cyclolock.com\/ca\/wp-json\/wp\/v2\/types\/portfolio"}],"author":[{"embeddable":true,"href":"https:\/\/cyclolock.com\/ca\/wp-json\/wp\/v2\/users\/2"}],"replies":[{"embeddable":true,"href":"https:\/\/cyclolock.com\/ca\/wp-json\/wp\/v2\/comments?post=2200"}],"version-history":[{"count":0,"href":"https:\/\/cyclolock.com\/ca\/wp-json\/wp\/v2\/portfolio\/2200\/revisions"}],"wp:featuredmedia":[{"embeddable":true,"href":"https:\/\/cyclolock.com\/ca\/wp-json\/wp\/v2\/media\/2201"}],"wp:attachment":[{"href":"https:\/\/cyclolock.com\/ca\/wp-json\/wp\/v2\/media?parent=2200"}],"wp:term":[{"taxonomy":"portfolio_category","embeddable":true,"href":"https:\/\/cyclolock.com\/ca\/wp-json\/wp\/v2\/portfolio_category?post=2200"},{"taxonomy":"portfolio_tag","embeddable":true,"href":"https:\/\/cyclolock.com\/ca\/wp-json\/wp\/v2\/portfolio_tag?post=2200"}],"curies":[{"name":"wp","href":"https:\/\/api.w.org\/{rel}","templated":true}]}}

La Mercè Respira 22/09/2019

<section class="wpb-content-wrapper">[vc_row][vc_column width=&#8221;7/12&#8243;][vc_gallery interval=&#8221;3&#8243; images=&#8221;2203,2205,2207&#8243; img_size=&#8221;full&#8221;][/vc_column][vc_column width=&#8221;5/12&#8243;][vc_column_text]
<h2>La Mercè Respira!</h2>
<p>La Setmana Europea de la Mobilitat i el Dia sense Cotxes tornen a coincidir amb les Festes de la Mercè per recordar-nos que les bones pràctiques en matèria de mobilitat ajuden a millorar la qualitat de l’aire i a recuperar l’espai públic per al gaudi de tothom.[/vc_column_text][vc_raw_html]JTNDZGl2JTIwY2xhc3MlM0QlMjJwcm9qZWN0LXRhZ3MlMjIlM0UlMEElMDklM0N1bCUzRSUwQSUwOSUwOSUzQ2xpJTNFJTNDaSUyMGNsYXNzJTNEJTIyZmElMjBmYS1jYWxlbmRhciUyMiUzRSUzQyUyRmklM0UlMjAlM0NzcGFuJTNFRGF0YSUzQSUzQyUyRnNwYW4lM0UyMiUyRjA5JTJGMjAxOSUzQyUyRmxpJTNFJTBBJTA5JTA5JTNDbGklM0UlM0NpJTIwY2xhc3MlM0QlMjJmYSUyMGZhLW1hcC1tYXJrZXIlMjIlM0UlM0MlMkZpJTNFJTIwJTNDc3BhbiUzRUxvY2FsaXR6YWNpJUMzJUIzJTNBJTNDJTJGc3BhbiUzRVZpYSUyMExhaWV0YW5hJTIwJTI4RW50cmFkYSUyMFBsLlVycXVpbmFvbmElMjklMjBCYXJjZWxvbmElM0MlMkZsaSUzRSUwQSUyMCUyMCUyMCUyMCUyMCUyMCUyMCUyMCUyMCUyMCUyMCUyMCUyMCUyMCUyMCUyMCUzQ2xpJTNFJTNDaSUyMGNsYXNzJTNEJTIyZmElMjBmYS1iaWN5Y2xlJTIyJTNFJTNDJTJGaSUzRSUyMCUzQ3NwYW4lM0VDYXBhY2l0YXQlM0ElM0MlMkZzcGFuJTNFNDglMjBiaWNpY2xldGVzJTNDJTJGbGklM0UlMEElMDklM0MlMkZ1bCUzRSUwQSUzQyUyRmRpdiUzRQ==[/vc_raw_html][/vc_column][/vc_row][vc_row][vc_column][vc_column_text]Per celebrar el Dia sense Cotxes l&#8217;<strong><a href="http://www.barcelona.cat" target="_blank">Ajuntament de Barcelona</a></strong> tallarà <strong>d&#8217;11.00 a 20.00 h</strong>ores un dels carrers principals de la ciutat per convertir-lo en una ciutat dels vianants: la via Laietana.</p>
<p>Us hi trobareu <a href="https://www.barcelona.cat/mobilitat/ca/actualitat-i-recursos/setmana-europea-de-la-mobilitat/activitats-via-laietana" target="_blank"><strong>diverses propostes lúdiques en relació a la mobilitat sostenible i saludable</strong></a> repartides en diferents eixos: La mobilitat sostenible, El carrer per a les persones, Donem pas al verd i Una ciutat jugable, que volen donar a conèixer els elements indispensables per fer de la ciutat un espai més humà, saludable i confortable per a tots i totes.</p>
<p>Pels que  us hi desplaceu en bicicleta hi haurà <strong>aparcament gratuït i vigilat</strong> per que podeu gaudir d&#8217;una via Laietana completament pacificada sense preocupar-vos de carretejar la bici.</p>
<p>Us hi esperem![/vc_column_text][/vc_column][/vc_row][vc_row][vc_column][vc_empty_space][/vc_column][/vc_row][vc_row el_class=&#8221;banner-section&#8221;][vc_column][vc_column_text]
<h2 style="text-align: center;"><span style="color: #333333;"><strong>ALTRES ESDEVENIMENTS ON HEM ESTAT </strong></span></h2>
[/vc_column_text][/vc_column][/vc_row]
</section>

<p>[vc_row][vc_column width=&#8221;7/12&#8243;][vc_gallery interval=&#8221;3&#8243; images=&#8221;2203,2205,2207&#8243; img_size=&#8221;full&#8221;][/vc_column][vc_column width=&#8221;5/12&#8243;][vc_column_text] La Mercè Respira! La Setmana Europea de la Mobilitat i el Dia sense Cotxes tornen a coincidir amb les Festes de la Mercè per&#8230;</p>
