{"id":2108,"date":"2019-04-04T08:55:23","date_gmt":"2019-04-04T08:55:23","guid":{"rendered":"https:\/\/cyclolock.com\/ca\/?post_type=portfolio&#038;p=2108"},"modified":"2019-05-10T11:35:45","modified_gmt":"2019-05-10T11:35:45","slug":"pedalem-gracia","status":"publish","type":"portfolio","link":"https:\/\/cyclolock.com\/ca\/portfolio\/pedalem-gracia\/","title":{"rendered":"Pedalem Gracia 06\/04\/2019"},"content":{"rendered":"<section class=\"wpb-content-wrapper\">[vc_row][vc_column width=&#8221;7\/12&#8243;][\/vc_column][vc_column width=&#8221;5\/12&#8243;][vc_column_text]\n<h2>Pedalem Gracia<\/h2>\n<p>Els dies 6 i 7 tindr\u00e0 lloc el Pedalem Gr\u00e0cia, un cap de setmana farcit de propostes a l\u2019entorn de la bicicleta que se suma aix\u00ed al moviment ciutad\u00e0 i comunitari global de la campanya <a href=\"http:\/\/www.30diasenbici.com\">30 Dias en bici<\/a>.[\/vc_column_text][vc_raw_html]JTNDZGl2JTIwY2xhc3MlM0QlMjJwcm9qZWN0LXRhZ3MlMjIlM0UlMEElMDklM0N1bCUzRSUwQSUwOSUwOSUzQ2xpJTNFJTNDaSUyMGNsYXNzJTNEJTIyZmElMjBmYS1jYWxlbmRhciUyMiUzRSUzQyUyRmklM0UlMjAlM0NzcGFuJTNFRGF0YSUzQSUzQyUyRnNwYW4lM0UwNiUyRjA0JTJGMjAxOSUzQyUyRmxpJTNFJTBBJTA5JTA5JTNDbGklM0UlM0NpJTIwY2xhc3MlM0QlMjJmYSUyMGZhLW1hcC1tYXJrZXIlMjIlM0UlM0MlMkZpJTNFJTIwJTNDc3BhbiUzRUxvY2FsaXp0YWNpJUMzJUIzJTNBJTNDJTJGc3BhbiUzRUdyYW4lMjBkZSUyMEdyJUMzJUEwY2lhJTIwJTI4ZGVzJTIwZGVsJTIwUGxhJTIwZGUlMjBTYWxtZXIlQzMlQjNuJTIwZmlucyUyMGElMjBOaWwlMjBGYWJyYSUyOUJhcmNlbG9uYSUzQyUyRmxpJTNFJTBBJTIwJTIwJTIwJTIwJTIwJTIwJTIwJTIwJTIwJTIwJTIwJTIwJTIwJTIwJTIwJTIwJTNDbGklM0UlM0NpJTIwY2xhc3MlM0QlMjJmYSUyMGZhLWJpY3ljbGUlMjIlM0UlM0MlMkZpJTNFJTIwJTNDc3BhbiUzRUNhcGFjaXRhdCUzQSUzQyUyRnNwYW4lM0UyNCUyMGJpY2ljbGV0ZXMlM0MlMkZsaSUzRSUwQSUwOSUzQyUyRnVsJTNFJTBBJTNDJTJGZGl2JTNF[\/vc_raw_html][\/vc_column][\/vc_row][vc_row][vc_column][vc_column_text]Dissabte 6, en el marc de la pacificaci\u00f3 del carrer Gran de Gr\u00e0cia, de les 17 a les 21 h\u00a0 des del Pla de Salmer\u00f3n fins la Rambla del Prat trobareu\u00a0 una mostra d&#8217;activitats relacionades amb les dues rodes!<\/p>\n<p>Propostes l\u00fadiques, tallers pr\u00e0ctics , taules informatives\u2026, on es podran con\u00e8ixer les darreres novetats en bicis plegables, el\u00e8ctriques, de c\u00e0rrega comercials, fins i tot es podr\u00e0 fer sucs amb una bicicleta.., amb tallers per aprendre a solucionar punxades\u00a0 fer-te la revisi\u00f3 t\u00e8cnica, participar en circuits,\u00a0 i participar en projectes solidaris \u2026 totes aquestes activitats familiars estan organitzades per diferents establiments del sector de la bici amb seu a Gr\u00e0cia, tamb\u00e9 hi participar\u00e0 amb tales informatives\u00a0 la unitat ciclista de la Gu\u00e0rdia Urbana, i el Club Ciclista de Gr\u00e0cia.<\/p>\n<p>Cyclolock estarem prestant <strong>servei d&#8217;aparcament lliure vigilat<\/strong> per que podeu gaudir de les activitats sense que hageu de preocupar-vos de la vostra bicicleta.<\/p>\n<h2 style=\"text-align: center;\"><strong>Recordeu que cal que porteu candau!<\/strong><\/h2>\n<p><strong>Programa detallat:<\/strong><\/p>\n<p><strong>Taller per a infants amb bicis que dibuixen el terra<\/strong><br \/>\nDiverteix-te, crea i pedaleja, a c\u00e0rrec de\u00a0<em>MARIA11 Miraclecycle<\/em>\u00a0i\u00a0<em>KIDS ON WHEELS<\/em>.<br \/>\nLloc: Pla de Salmer\u00f3n.<\/p>\n<p><strong>Punt d\u2019inspecci\u00f3 t\u00e8cnica de bicicletes<\/strong><br \/>\nPorta la teva bici i apr\u00e8n a posar-la a punt, a c\u00e0rrec de<em>\u00a0Taller de bicis Gr\u00e0cia<\/em>.<br \/>\nLloc: Pla de Salmer\u00f3n.<\/p>\n<p><strong>Descobreix la innovadora manera de convertir qualsevol bicicleta en el\u00e8ctrica<\/strong>\u00a0i demostra la teva habilitat de transport amb la plegable m\u00e9s innovadora, a c\u00e0rrec de\u00a0<em>KOOS by Bike Tech<\/em>,\u00a0<em>Pendix<\/em>\u00a0i\u00a0<em>standupforbrompton.com<\/em>.<br \/>\nLloc: C. Gran de Gr\u00e0cia entre el Pla de Salmer\u00f3n i Llu\u00eds Ant\u00fanez.<\/p>\n<p><strong>Mostra i circuit de bicicletes de c\u00e0rrega<br \/>\n<\/strong>Descobreix la missatgeria en bici, a c\u00e0rrec d\u2019<em>Apiny\u00f3 express-bici missatgers<\/em>.<br \/>\nLloc: Pla de Salmer\u00f3n.<\/p>\n<p><strong>Taules informatives<br \/>\n<\/strong>A c\u00e0rrec del\u00a0<em>Club Ciclista de Gr\u00e0cia<\/em>, i de la\u00a0<em>Patrulla ciclista de la Guardia Urbana de Gr\u00e0cia<\/em>.<br \/>\nLloc: Pla de Salmer\u00f3n.<\/p>\n<p><strong>30 dies amb bici<\/strong><br \/>\nA c\u00e0rrec d\u2019<em>Abrilbicismil<\/em>. Coneix el moviment internacional de 30 dies amb bici i sumat al repte. Lloc: Pla de Salmer\u00f3n.<\/p>\n<p><strong>De l&#8217;Hospital a la Catedral<\/strong><br \/>\nViatge solidari de Xavier Vall\u00e8s des de l\u2019Hospital Vall d\u2019Hebron fins a Santiago de Compostela per recollir fons per la investigaci\u00f3 contra el c\u00e0ncer. A c\u00e0rrec de\u00a0<em>Xavi Vall\u00e8s<\/em>\u00a0i\u00a0<em>Weoutdor<\/em>.<br \/>\nLloc: Pla de Salmer\u00f3n.<\/p>\n<p><strong>Bicisuc<br \/>\n<\/strong>Taller per a infants amb la Bicisuc, diverteix-te i fes el teu suc amb una biciexprimidora a c\u00e0rrec de\u00a0<em>BACC<\/em>.<br \/>\nLloc: Pla de Salmer\u00f3n.<\/p>\n<p><strong>Fes que la teva bici compti<\/strong><br \/>\nPassa tantes vegades com vulguis per sobre un comptador de bicicletes. A c\u00e0rrec d\u2019<em>ECOCOUNTERS<\/em>.<br \/>\nLloc: Pla de Salmer\u00f3n.<\/p>\n<p><strong>Taller de reparaci\u00f3<\/strong>\u00a0de punxades per nens i nenes a c\u00e0rrec de\u00a0<em>BICITALLER<\/em>.<br \/>\nLloc: Pla de Salmer\u00f3n<\/p>\n<p><em><strong>Pedalem Gr\u00e0cia<\/strong><\/em>\u00a0ha comptat amb la participaci\u00f3 d\u2019: Abrilbicismil, Apiny\u00f3 express-bici missatgers, BACC, Bicitaller Ecocounters, FREEL, KIDS ON WHEELS, KOOS BIKE; MARIA11Miraclecycle, Patrulla ciclista de la Gu\u00e0rdia Urbana de Gr\u00e0cia, Projects Xavier Vall\u00e8s, Taller de bicis Gr\u00e0cia, Weoutdor, Club ciclista Gr\u00e0cia.<\/p>\n<p><em>Font: Ajuntament de Barcelona<\/em>[\/vc_column_text][\/vc_column][\/vc_row][vc_row][vc_column][vc_empty_space][\/vc_column][\/vc_row][vc_row el_class=&#8221;banner-section&#8221;][vc_column][vc_column_text]\n<h2 style=\"text-align: center;\"><span style=\"color: #333333;\"><strong>ALTRES ESDEVENIMENTS ON HEM ESTAT <\/strong><\/span><\/h2>\n[\/vc_column_text][\/vc_column][\/vc_row]\n<\/section>","protected":false},"excerpt":{"rendered":"<p>[vc_row][vc_column width=&#8221;7\/12&#8243;][\/vc_column][vc_column width=&#8221;5\/12&#8243;][vc_column_text] Pedalem Gracia Els dies 6 i 7 tindr\u00e0 lloc el Pedalem Gr\u00e0cia, un cap de setmana farcit de propostes a l\u2019entorn de la bicicleta que se suma&#8230;<\/p>\n","protected":false},"author":2,"featured_media":2107,"comment_status":"closed","ping_status":"closed","template":"","meta":{"_acf_changed":false,"footnotes":""},"portfolio_category":[223,222],"portfolio_tag":[],"class_list":{"0":"post-2108","1":"portfolio","2":"type-portfolio","3":"status-publish","4":"has-post-thumbnail","6":"portfolio_category-2019-es","7":"portfolio_category-222"},"acf":[],"_links":{"self":[{"href":"https:\/\/cyclolock.com\/ca\/wp-json\/wp\/v2\/portfolio\/2108","targetHints":{"allow":["GET"]}}],"collection":[{"href":"https:\/\/cyclolock.com\/ca\/wp-json\/wp\/v2\/portfolio"}],"about":[{"href":"https:\/\/cyclolock.com\/ca\/wp-json\/wp\/v2\/types\/portfolio"}],"author":[{"embeddable":true,"href":"https:\/\/cyclolock.com\/ca\/wp-json\/wp\/v2\/users\/2"}],"replies":[{"embeddable":true,"href":"https:\/\/cyclolock.com\/ca\/wp-json\/wp\/v2\/comments?post=2108"}],"version-history":[{"count":1,"href":"https:\/\/cyclolock.com\/ca\/wp-json\/wp\/v2\/portfolio\/2108\/revisions"}],"predecessor-version":[{"id":2110,"href":"https:\/\/cyclolock.com\/ca\/wp-json\/wp\/v2\/portfolio\/2108\/revisions\/2110"}],"wp:featuredmedia":[{"embeddable":true,"href":"https:\/\/cyclolock.com\/ca\/wp-json\/wp\/v2\/media\/2107"}],"wp:attachment":[{"href":"https:\/\/cyclolock.com\/ca\/wp-json\/wp\/v2\/media?parent=2108"}],"wp:term":[{"taxonomy":"portfolio_category","embeddable":true,"href":"https:\/\/cyclolock.com\/ca\/wp-json\/wp\/v2\/portfolio_category?post=2108"},{"taxonomy":"portfolio_tag","embeddable":true,"href":"https:\/\/cyclolock.com\/ca\/wp-json\/wp\/v2\/portfolio_tag?post=2108"}],"curies":[{"name":"wp","href":"https:\/\/api.w.org\/{rel}","templated":true}]}}

<section class="wpb-content-wrapper">[vc_row][vc_column width=&#8221;7/12&#8243;][/vc_column][vc_column width=&#8221;5/12&#8243;][vc_column_text]
<h2>Pedalem Gracia</h2>
<p>Els dies 6 i 7 tindrà lloc el Pedalem Gràcia, un cap de setmana farcit de propostes a l’entorn de la bicicleta que se suma així al moviment ciutadà i comunitari global de la campanya <a href="http://www.30diasenbici.com">30 Dias en bici</a>.[/vc_column_text][vc_raw_html]JTNDZGl2JTIwY2xhc3MlM0QlMjJwcm9qZWN0LXRhZ3MlMjIlM0UlMEElMDklM0N1bCUzRSUwQSUwOSUwOSUzQ2xpJTNFJTNDaSUyMGNsYXNzJTNEJTIyZmElMjBmYS1jYWxlbmRhciUyMiUzRSUzQyUyRmklM0UlMjAlM0NzcGFuJTNFRGF0YSUzQSUzQyUyRnNwYW4lM0UwNiUyRjA0JTJGMjAxOSUzQyUyRmxpJTNFJTBBJTA5JTA5JTNDbGklM0UlM0NpJTIwY2xhc3MlM0QlMjJmYSUyMGZhLW1hcC1tYXJrZXIlMjIlM0UlM0MlMkZpJTNFJTIwJTNDc3BhbiUzRUxvY2FsaXp0YWNpJUMzJUIzJTNBJTNDJTJGc3BhbiUzRUdyYW4lMjBkZSUyMEdyJUMzJUEwY2lhJTIwJTI4ZGVzJTIwZGVsJTIwUGxhJTIwZGUlMjBTYWxtZXIlQzMlQjNuJTIwZmlucyUyMGElMjBOaWwlMjBGYWJyYSUyOUJhcmNlbG9uYSUzQyUyRmxpJTNFJTBBJTIwJTIwJTIwJTIwJTIwJTIwJTIwJTIwJTIwJTIwJTIwJTIwJTIwJTIwJTIwJTIwJTNDbGklM0UlM0NpJTIwY2xhc3MlM0QlMjJmYSUyMGZhLWJpY3ljbGUlMjIlM0UlM0MlMkZpJTNFJTIwJTNDc3BhbiUzRUNhcGFjaXRhdCUzQSUzQyUyRnNwYW4lM0UyNCUyMGJpY2ljbGV0ZXMlM0MlMkZsaSUzRSUwQSUwOSUzQyUyRnVsJTNFJTBBJTNDJTJGZGl2JTNF[/vc_raw_html][/vc_column][/vc_row][vc_row][vc_column][vc_column_text]Dissabte 6, en el marc de la pacificació del carrer Gran de Gràcia, de les 17 a les 21 h  des del Pla de Salmerón fins la Rambla del Prat trobareu  una mostra d&#8217;activitats relacionades amb les dues rodes!</p>
<p>Propostes lúdiques, tallers pràctics , taules informatives…, on es podran conèixer les darreres novetats en bicis plegables, elèctriques, de càrrega comercials, fins i tot es podrà fer sucs amb una bicicleta.., amb tallers per aprendre a solucionar punxades  fer-te la revisió tècnica, participar en circuits,  i participar en projectes solidaris … totes aquestes activitats familiars estan organitzades per diferents establiments del sector de la bici amb seu a Gràcia, també hi participarà amb tales informatives  la unitat ciclista de la Guàrdia Urbana, i el Club Ciclista de Gràcia.</p>
<p>Cyclolock estarem prestant <strong>servei d&#8217;aparcament lliure vigilat</strong> per que podeu gaudir de les activitats sense que hageu de preocupar-vos de la vostra bicicleta.</p>
<h2 style="text-align: center;"><strong>Recordeu que cal que porteu candau!</strong></h2>
<p><strong>Programa detallat:</strong></p>
<p><strong>Taller per a infants amb bicis que dibuixen el terra</strong><br />
Diverteix-te, crea i pedaleja, a càrrec de <em>MARIA11 Miraclecycle</em> i <em>KIDS ON WHEELS</em>.<br />
Lloc: Pla de Salmerón.</p>
<p><strong>Punt d’inspecció tècnica de bicicletes</strong><br />
Porta la teva bici i aprèn a posar-la a punt, a càrrec de<em> Taller de bicis Gràcia</em>.<br />
Lloc: Pla de Salmerón.</p>
<p><strong>Descobreix la innovadora manera de convertir qualsevol bicicleta en elèctrica</strong> i demostra la teva habilitat de transport amb la plegable més innovadora, a càrrec de <em>KOOS by Bike Tech</em>, <em>Pendix</em> i <em>standupforbrompton.com</em>.<br />
Lloc: C. Gran de Gràcia entre el Pla de Salmerón i Lluís Antúnez.</p>
<p><strong>Mostra i circuit de bicicletes de càrrega<br />
</strong>Descobreix la missatgeria en bici, a càrrec d’<em>Apinyó express-bici missatgers</em>.<br />
Lloc: Pla de Salmerón.</p>
<p><strong>Taules informatives<br />
</strong>A càrrec del <em>Club Ciclista de Gràcia</em>, i de la <em>Patrulla ciclista de la Guardia Urbana de Gràcia</em>.<br />
Lloc: Pla de Salmerón.</p>
<p><strong>30 dies amb bici</strong><br />
A càrrec d’<em>Abrilbicismil</em>. Coneix el moviment internacional de 30 dies amb bici i sumat al repte. Lloc: Pla de Salmerón.</p>
<p><strong>De l&#8217;Hospital a la Catedral</strong><br />
Viatge solidari de Xavier Vallès des de l’Hospital Vall d’Hebron fins a Santiago de Compostela per recollir fons per la investigació contra el càncer. A càrrec de <em>Xavi Vallès</em> i <em>Weoutdor</em>.<br />
Lloc: Pla de Salmerón.</p>
<p><strong>Bicisuc<br />
</strong>Taller per a infants amb la Bicisuc, diverteix-te i fes el teu suc amb una biciexprimidora a càrrec de <em>BACC</em>.<br />
Lloc: Pla de Salmerón.</p>
<p><strong>Fes que la teva bici compti</strong><br />
Passa tantes vegades com vulguis per sobre un comptador de bicicletes. A càrrec d’<em>ECOCOUNTERS</em>.<br />
Lloc: Pla de Salmerón.</p>
<p><strong>Taller de reparació</strong> de punxades per nens i nenes a càrrec de <em>BICITALLER</em>.<br />
Lloc: Pla de Salmerón</p>
<p><em><strong>Pedalem Gràcia</strong></em> ha comptat amb la participació d’: Abrilbicismil, Apinyó express-bici missatgers, BACC, Bicitaller Ecocounters, FREEL, KIDS ON WHEELS, KOOS BIKE; MARIA11Miraclecycle, Patrulla ciclista de la Guàrdia Urbana de Gràcia, Projects Xavier Vallès, Taller de bicis Gràcia, Weoutdor, Club ciclista Gràcia.</p>
<p><em>Font: Ajuntament de Barcelona</em>[/vc_column_text][/vc_column][/vc_row][vc_row][vc_column][vc_empty_space][/vc_column][/vc_row][vc_row el_class=&#8221;banner-section&#8221;][vc_column][vc_column_text]
<h2 style="text-align: center;"><span style="color: #333333;"><strong>ALTRES ESDEVENIMENTS ON HEM ESTAT </strong></span></h2>
[/vc_column_text][/vc_column][/vc_row]
</section>

<p>[vc_row][vc_column width=&#8221;7/12&#8243;][/vc_column][vc_column width=&#8221;5/12&#8243;][vc_column_text] Pedalem Gracia Els dies 6 i 7 tindrà lloc el Pedalem Gràcia, un cap de setmana farcit de propostes a l’entorn de la bicicleta que se suma&#8230;</p>
