{"id":1352,"date":"2016-10-02T17:30:38","date_gmt":"2016-10-02T17:30:38","guid":{"rendered":"https:\/\/cyclolock.com\/?post_type=portfolio&#038;p=1352"},"modified":"2017-03-01T22:02:55","modified_gmt":"2017-03-01T22:02:55","slug":"fescsantcugat2016","status":"publish","type":"portfolio","link":"https:\/\/cyclolock.com\/ca\/portfolio\/fescsantcugat2016\/","title":{"rendered":"1\u00aa Fira d&#8217;Economia Social i Solid\u00e0ria de Sant Cugat 02\/10\/2016"},"content":{"rendered":"<section class=\"wpb-content-wrapper\">[vc_row][vc_column width=&#8221;7\/12&#8243;][vc_single_image image=&#8221;1353&#8243; img_size=&#8221;full&#8221;][\/vc_column][vc_column width=&#8221;5\/12&#8243;][vc_column_text]\n<h2>1\u00aa Fira d&#8217;Economia Social i Solid\u00e0ria de Sant Cugat<\/h2>\n<p>P\u00e0rquing de bicis en modalitat de servei de guarderia a la Fira d&#8217;Economia Social i Solid\u00e0ria de Sant Cugat.[\/vc_column_text][vc_raw_html]JTNDZGl2JTIwY2xhc3MlM0QlMjJwcm9qZWN0LXRhZ3MlMjIlM0UlMEElMDklM0N1bCUzRSUwQSUwOSUwOSUzQ2xpJTNFJTNDaSUyMGNsYXNzJTNEJTIyZmElMjBmYS1jYWxlbmRhciUyMiUzRSUzQyUyRmklM0UlMjAlM0NzcGFuJTNFRGF0YSUzQSUzQyUyRnNwYW4lM0UwMiUyRjEwJTJGMjAxNiUzQyUyRmxpJTNFJTBBJTA5JTA5JTNDbGklM0UlM0NpJTIwY2xhc3MlM0QlMjJmYSUyMGZhLW1hcC1tYXJrZXIlMjIlM0UlM0MlMkZpJTNFJTIwJTNDc3BhbiUzRUxvY2FsaXR6YWNpJUMzJUIzJTNBJTNDJTJGc3BhbiUzRSUyMFBsYSVDMyVBN2ElMjBQZXAlMjBWZW50dXJhJTJDJTIwU2FuJTIwQ3VnYXQlMjBkZWwlMjBWYWxsJUMzJUE5cyUzQyUyRmxpJTNFJTBBJTIwJTIwJTIwJTIwJTIwJTIwJTIwJTIwJTIwJTIwJTIwJTIwJTIwJTIwJTIwJTIwJTNDbGklM0UlM0NpJTIwY2xhc3MlM0QlMjJmYSUyMGZhLWJpY3ljbGUlMjIlM0UlM0MlMkZpJTNFJTIwJTNDc3BhbiUzRUNhcGFjaXRhdCUzQSUzQyUyRnNwYW4lM0UyMCUyMGJpY2ljbGV0ZXMlM0MlMkZsaSUzRSUwQSUwOSUzQyUyRnVsJTNFJTBBJTNDJTJGZGl2JTNF[\/vc_raw_html][\/vc_column][\/vc_row][vc_row][vc_column][vc_column_text]Hem participat a la Fira d&#8217;Economia Social i Soliadaria organitzada per la<strong> <a href=\"https:\/\/www.facebook.com\/xescugat\/\" target=\"_blank\">Xarxa d&#8217;Economia Solid\u00e0ria (XES) de Sant Cugat<\/a><\/strong> per donar coneixer el nostre servei i alhora facilitant el p\u00e0rking als assistents que han vingut en bicicleta.<\/p>\n<div class=\"text_exposed_show\"><\/div>\n[\/vc_column_text][\/vc_column][\/vc_row][vc_row][vc_column][vc_empty_space][\/vc_column][\/vc_row][vc_row el_class=&#8221;banner-section&#8221;][vc_column][vc_column_text]\n<h2 style=\"text-align: center;\"><span style=\"color: #333333;\"><strong>ALTRES ESDEVENIMENTS ON HEM ESTAT <\/strong><\/span><\/h2>\n[\/vc_column_text][\/vc_column][\/vc_row]\n<\/section>","protected":false},"excerpt":{"rendered":"<p>[vc_row][vc_column width=&#8221;7\/12&#8243;][vc_single_image image=&#8221;1353&#8243; img_size=&#8221;full&#8221;][\/vc_column][vc_column width=&#8221;5\/12&#8243;][vc_column_text] 1\u00aa Fira d&#8217;Economia Social i Solid\u00e0ria de Sant Cugat P\u00e0rquing de bicis en modalitat de servei de guarderia a la Fira d&#8217;Economia Social i Solid\u00e0ria&#8230;<\/p>\n","protected":false},"author":4,"featured_media":1355,"comment_status":"closed","ping_status":"closed","template":"","meta":{"_acf_changed":false,"footnotes":""},"portfolio_category":[175],"portfolio_tag":[],"class_list":{"0":"post-1352","1":"portfolio","2":"type-portfolio","3":"status-publish","4":"has-post-thumbnail","6":"portfolio_category-175"},"acf":[],"_links":{"self":[{"href":"https:\/\/cyclolock.com\/ca\/wp-json\/wp\/v2\/portfolio\/1352","targetHints":{"allow":["GET"]}}],"collection":[{"href":"https:\/\/cyclolock.com\/ca\/wp-json\/wp\/v2\/portfolio"}],"about":[{"href":"https:\/\/cyclolock.com\/ca\/wp-json\/wp\/v2\/types\/portfolio"}],"author":[{"embeddable":true,"href":"https:\/\/cyclolock.com\/ca\/wp-json\/wp\/v2\/users\/4"}],"replies":[{"embeddable":true,"href":"https:\/\/cyclolock.com\/ca\/wp-json\/wp\/v2\/comments?post=1352"}],"version-history":[{"count":0,"href":"https:\/\/cyclolock.com\/ca\/wp-json\/wp\/v2\/portfolio\/1352\/revisions"}],"wp:featuredmedia":[{"embeddable":true,"href":"https:\/\/cyclolock.com\/ca\/wp-json\/wp\/v2\/media\/1355"}],"wp:attachment":[{"href":"https:\/\/cyclolock.com\/ca\/wp-json\/wp\/v2\/media?parent=1352"}],"wp:term":[{"taxonomy":"portfolio_category","embeddable":true,"href":"https:\/\/cyclolock.com\/ca\/wp-json\/wp\/v2\/portfolio_category?post=1352"},{"taxonomy":"portfolio_tag","embeddable":true,"href":"https:\/\/cyclolock.com\/ca\/wp-json\/wp\/v2\/portfolio_tag?post=1352"}],"curies":[{"name":"wp","href":"https:\/\/api.w.org\/{rel}","templated":true}]}}

1ª Fira d&#8217;Economia Social i Solidària de Sant Cugat 02/10/2016

<section class="wpb-content-wrapper">[vc_row][vc_column width=&#8221;7/12&#8243;][vc_single_image image=&#8221;1353&#8243; img_size=&#8221;full&#8221;][/vc_column][vc_column width=&#8221;5/12&#8243;][vc_column_text]
<h2>1ª Fira d&#8217;Economia Social i Solidària de Sant Cugat</h2>
<p>Pàrquing de bicis en modalitat de servei de guarderia a la Fira d&#8217;Economia Social i Solidària de Sant Cugat.[/vc_column_text][vc_raw_html]JTNDZGl2JTIwY2xhc3MlM0QlMjJwcm9qZWN0LXRhZ3MlMjIlM0UlMEElMDklM0N1bCUzRSUwQSUwOSUwOSUzQ2xpJTNFJTNDaSUyMGNsYXNzJTNEJTIyZmElMjBmYS1jYWxlbmRhciUyMiUzRSUzQyUyRmklM0UlMjAlM0NzcGFuJTNFRGF0YSUzQSUzQyUyRnNwYW4lM0UwMiUyRjEwJTJGMjAxNiUzQyUyRmxpJTNFJTBBJTA5JTA5JTNDbGklM0UlM0NpJTIwY2xhc3MlM0QlMjJmYSUyMGZhLW1hcC1tYXJrZXIlMjIlM0UlM0MlMkZpJTNFJTIwJTNDc3BhbiUzRUxvY2FsaXR6YWNpJUMzJUIzJTNBJTNDJTJGc3BhbiUzRSUyMFBsYSVDMyVBN2ElMjBQZXAlMjBWZW50dXJhJTJDJTIwU2FuJTIwQ3VnYXQlMjBkZWwlMjBWYWxsJUMzJUE5cyUzQyUyRmxpJTNFJTBBJTIwJTIwJTIwJTIwJTIwJTIwJTIwJTIwJTIwJTIwJTIwJTIwJTIwJTIwJTIwJTIwJTNDbGklM0UlM0NpJTIwY2xhc3MlM0QlMjJmYSUyMGZhLWJpY3ljbGUlMjIlM0UlM0MlMkZpJTNFJTIwJTNDc3BhbiUzRUNhcGFjaXRhdCUzQSUzQyUyRnNwYW4lM0UyMCUyMGJpY2ljbGV0ZXMlM0MlMkZsaSUzRSUwQSUwOSUzQyUyRnVsJTNFJTBBJTNDJTJGZGl2JTNF[/vc_raw_html][/vc_column][/vc_row][vc_row][vc_column][vc_column_text]Hem participat a la Fira d&#8217;Economia Social i Soliadaria organitzada per la<strong> <a href="https://www.facebook.com/xescugat/" target="_blank">Xarxa d&#8217;Economia Solidària (XES) de Sant Cugat</a></strong> per donar coneixer el nostre servei i alhora facilitant el pàrking als assistents que han vingut en bicicleta.</p>
<div class="text_exposed_show"></div>
[/vc_column_text][/vc_column][/vc_row][vc_row][vc_column][vc_empty_space][/vc_column][/vc_row][vc_row el_class=&#8221;banner-section&#8221;][vc_column][vc_column_text]
<h2 style="text-align: center;"><span style="color: #333333;"><strong>ALTRES ESDEVENIMENTS ON HEM ESTAT </strong></span></h2>
[/vc_column_text][/vc_column][/vc_row]
</section>

<p>[vc_row][vc_column width=&#8221;7/12&#8243;][vc_single_image image=&#8221;1353&#8243; img_size=&#8221;full&#8221;][/vc_column][vc_column width=&#8221;5/12&#8243;][vc_column_text] 1ª Fira d&#8217;Economia Social i Solidària de Sant Cugat Pàrquing de bicis en modalitat de servei de guarderia a la Fira d&#8217;Economia Social i Solidària&#8230;</p>
